{"id":333,"date":"2021-05-01T09:49:12","date_gmt":"2021-05-01T09:49:12","guid":{"rendered":"http:\/\/mylanguage-yourlanguage.com\/?page_id=333"},"modified":"2021-05-31T10:57:14","modified_gmt":"2021-05-31T10:57:14","slug":"kontakt","status":"publish","type":"page","link":"http:\/\/mylanguage-yourlanguage.com\/en\/kontakt\/","title":{"rendered":"Contact"},"content":{"rendered":"<div class=\"wp-block-columns\">\n<div class=\"wp-block-column\" style=\"flex-basis:25%\">\n<p><strong>Nadja Oertel<\/strong>                        <\/p>\n\n\n\n<p style=\"font-size:14px\"><strong>Christliche Sozialhilfe K\u00f6ln e.V.<\/strong><br>Knauffstra\u00dfe 1<br>51063 K\u00f6ln<br>mail: nadja.oertel@csh-koeln.de<br>+49 163 3331024<br><\/p>\n<\/div>\n\n\n\n<div class=\"wp-block-column\" style=\"flex-basis:25%\">\n<p><strong>Petra Hauser<\/strong><\/p>\n\n\n\n<p class=\"has-small-font-size\"><strong>Akademie f\u00fcr politische Bildung und demokratief\u00f6rdernde Ma\u00dfnahmen<\/strong><br>Hauptplatz 23<br>4020 Linz<br>mail: petra.hauser@pb-akademie.at<br>+43 680 20 20 938<\/p>\n\n\n\n<p style=\"font-size:14px\"><br><\/p>\n<\/div>\n\n\n\n<div class=\"wp-block-column\" style=\"flex-basis:27%\">\n<p><strong>Jes\u00fas N\u00fa\u00f1ez Gutierrez<\/strong><\/p>\n\n\n\n<p style=\"font-size:14px\"><strong>Agrupaci\u00f3n Europea de <\/strong><br><strong>Cooperati\u00f3n Territorial Le\u00f3n Braganc<\/strong><br>Plaza de San Marcelo n\u00ba 6<br>24003 Le\u00f3n &#8211; Espa\u00f1a<br>mail: jesus.nunez@dipuleon.es<br>+34 987 292 149<br><\/p>\n<\/div>\n\n\n\n<div class=\"wp-block-column\" style=\"flex-basis:25%\">\n<p><strong>Appoline Bonfils<\/strong><\/p>\n\n\n\n<p class=\"has-small-font-size\"><strong>Association des Agences de la <\/strong><br><strong>democratie locale<\/strong><br>Council of Europe 1<br>F-67075 Strasbourg<br>mail: <a rel=\"noreferrer noopener\" href=\"mailto:apolline@alda-europe.eu\" target=\"_blank\">apolline@alda-europe.eu<\/a><br>+33 3 90 21 45 93<br><\/p>\n\n\n\n<p style=\"font-size:14px\"><br><\/p>\n\n\n\n<p style=\"font-size:14px\"><br><\/p>\n<\/div>\n<\/div>","protected":false},"excerpt":{"rendered":"<p>Nadja Oertel Christliche Sozialhilfe K\u00f6ln e.V.Knauffstra\u00dfe 151063 K\u00f6lnmail: nadja.oertel@csh-koeln.de+49 163 3331024 Petra Hauser Akademie f\u00fcr politische Bildung und demokratief\u00f6rdernde Ma\u00dfnahmenHauptplatz 234020 Linzmail: petra.hauser@pb-akademie.at+43 680 20 20 938 Jes\u00fas N\u00fa\u00f1ez Gutierrez Agrupaci\u00f3n Europea de Cooperati\u00f3n Territorial Le\u00f3n BragancPlaza de San Marcelo n\u00ba 624003 Le\u00f3n &#8211; Espa\u00f1amail: jesus.nunez@dipuleon.es+34 987 292 149 Appoline Bonfils Association des Agences de&hellip;&nbsp;<a href=\"http:\/\/mylanguage-yourlanguage.com\/en\/kontakt\/\" rel=\"bookmark\">Read More &raquo;<span class=\"screen-reader-text\">Contact<\/span><\/a><\/p>","protected":false},"author":1,"featured_media":0,"parent":0,"menu_order":0,"comment_status":"closed","ping_status":"closed","template":"","meta":{"neve_meta_sidebar":"full-width","neve_meta_container":"","neve_meta_enable_content_width":"on","neve_meta_content_width":100,"neve_meta_title_alignment":"","neve_meta_author_avatar":"","neve_post_elements_order":"","neve_meta_disable_header":"","neve_meta_disable_footer":"","neve_meta_disable_title":""},"_links":{"self":[{"href":"http:\/\/mylanguage-yourlanguage.com\/en\/wp-json\/wp\/v2\/pages\/333"}],"collection":[{"href":"http:\/\/mylanguage-yourlanguage.com\/en\/wp-json\/wp\/v2\/pages"}],"about":[{"href":"http:\/\/mylanguage-yourlanguage.com\/en\/wp-json\/wp\/v2\/types\/page"}],"author":[{"embeddable":true,"href":"http:\/\/mylanguage-yourlanguage.com\/en\/wp-json\/wp\/v2\/users\/1"}],"replies":[{"embeddable":true,"href":"http:\/\/mylanguage-yourlanguage.com\/en\/wp-json\/wp\/v2\/comments?post=333"}],"version-history":[{"count":18,"href":"http:\/\/mylanguage-yourlanguage.com\/en\/wp-json\/wp\/v2\/pages\/333\/revisions"}],"predecessor-version":[{"id":557,"href":"http:\/\/mylanguage-yourlanguage.com\/en\/wp-json\/wp\/v2\/pages\/333\/revisions\/557"}],"wp:attachment":[{"href":"http:\/\/mylanguage-yourlanguage.com\/en\/wp-json\/wp\/v2\/media?parent=333"}],"curies":[{"name":"wp","href":"https:\/\/api.w.org\/{rel}","templated":true}]}}

<div class="wp-block-columns">
<div class="wp-block-column" style="flex-basis:25%">
<p><strong>Nadja Oertel</strong>                        </p>



<p style="font-size:14px"><strong>Christliche Sozialhilfe Köln e.V.</strong><br>Knauffstraße 1<br>51063 Köln<br>mail: nadja.oertel@csh-koeln.de<br>+49 163 3331024<br></p>
</div>



<div class="wp-block-column" style="flex-basis:25%">
<p><strong>Petra Hauser</strong></p>



<p class="has-small-font-size"><strong>Akademie für politische Bildung und demokratiefördernde Maßnahmen</strong><br>Hauptplatz 23<br>4020 Linz<br>mail: petra.hauser@pb-akademie.at<br>+43 680 20 20 938</p>



<p style="font-size:14px"><br></p>
</div>



<div class="wp-block-column" style="flex-basis:27%">
<p><strong>Jesús Núñez Gutierrez</strong></p>



<p style="font-size:14px"><strong>Agrupación Europea de </strong><br><strong>Cooperatión Territorial León Braganc</strong><br>Plaza de San Marcelo nº 6<br>24003 León &#8211; España<br>mail: jesus.nunez@dipuleon.es<br>+34 987 292 149<br></p>
</div>



<div class="wp-block-column" style="flex-basis:25%">
<p><strong>Appoline Bonfils</strong></p>



<p class="has-small-font-size"><strong>Association des Agences de la </strong><br><strong>democratie locale</strong><br>Council of Europe 1<br>F-67075 Strasbourg<br>mail: <a rel="noreferrer noopener" href="mailto:apolline@alda-europe.eu" target="_blank">apolline@alda-europe.eu</a><br>+33 3 90 21 45 93<br></p>



<p style="font-size:14px"><br></p>



<p style="font-size:14px"><br></p>
</div>
</div>

<p>Nadja Oertel Christliche Sozialhilfe Köln e.V.Knauffstraße 151063 Kölnmail: nadja.oertel@csh-koeln.de+49 163 3331024 Petra Hauser Akademie für politische Bildung und demokratiefördernde MaßnahmenHauptplatz 234020 Linzmail: petra.hauser@pb-akademie.at+43 680 20 20 938 Jesús Núñez Gutierrez Agrupación Europea de Cooperatión Territorial León BragancPlaza de San Marcelo nº 624003 León &#8211; Españamail: jesus.nunez@dipuleon.es+34 987 292 149 Appoline Bonfils Association des Agences de&hellip;&nbsp;<a href="http://mylanguage-yourlanguage.com/en/kontakt/" rel="bookmark">Read More &raquo;<span class="screen-reader-text">Contact</span></a></p>
